 is the hundreds digit of 2547180?
1
What is the thousands digit of 1805517?
5
What is the units digit of 303613?
3
What is the tens digit of 244708?
0
What is the tens digit of 17741418?
1
What is the hundred thousands digit of 4374962?
3
What is the tens digit of 6124?
2
What is the ten millions digit of 20412332?
2
What is the hundreds digit of 353605?
6
What is the units digit of 912048?
8
What is the tens digit of 25719278?
7
What is the tens digit of 1250307?
0
What is the hundred thousands digit of 1277892?
2
What is the hundred thousands digit of 281733?
2
What is the ten thousands digit of 679852?
7
What is the ten thousands digit of 535396?
3
What is the hundred thousands digit of 26038296?
0
What is the tens digit of 13883179?
7
What is the hundreds digit of 67233?
2
What is the hundred thousands digit of 1034166?
0
What is the millions digit of 1771069?
1
What is the ten thousands digit of 471432?
7
What is the thousands digit of 145041?
5
What is the ten thousands digit of 26607?
2
What is the hundreds digit of 477650?
6
What is the units digit of 83583?
3
What is the thousands digit of 1662763?
2
What is the hundred thousands digit of 341867?
3
What is the hundreds digit of 127334?
3
What is the units digit of 1072324?
4
What is the thousands digit of 157049?
7
What is the hundreds digit of 3450105?
1
What is the millions digit of 2390163?
2
What is the millions digit of 9549100?
9
What is the hundred thousands digit of 428847?
4
What is the hundreds digit of 62682?
6
What is the ten thousands digit of 838220?
3
What is the thousands digit of 21322542?
2
What is the units digit of 5491134?
4
What is the hundreds digit of 3743624?
6
What is the hundreds digit of 2124723?
7
What is the ten thousands digit of 519064?
1
What is the thousands digit of 739439?
9
What is the hundreds digit of 137762?
7
What is the hundreds digit of 9690929?
9
What is the ten thousands digit of 181025?
8
What is the units digit of 464184?
4
What is the ten thousands digit of 317039?
1
What is the hundred thousands digit of 1110101?
1
What is the hundreds digit of 699241?
2
What is the ten thousands digit of 1330108?
3
What is the hundreds digit of 299320?
3
What is the units digit of 1460640?
0
What is the hundred thousands digit of 285227?
2
What is the hundreds digit of 223850?
8
What is the hundreds digit of 618525?
5
What is the hundreds digit of 5389787?
7
What is the hundred thousands digit of 367378?
3
What is the units digit of 14422097?
7
What is the units digit of 6169396?
6
What is the units digit of 87767?
7
What is the hundred thousands digit of 9196364?
1
What is the ten thousands digit of 420374?
2
What is the tens digit of 270525?
2
What is the tens digit of 581417?
1
What is the hundred thousands digit of 2757734?
7
What is the units digit of 9483481?
1
What is the units digit of 96532?
2
What is the thousands digit of 150343?
0
What is the units digit of 1368625?
5
What is the thousands digit of 8269?
8
What is the thousands digit of 1111713?
1
What is the ten thousands digit of 98580?
9
What is the hundred thousands digit of 197589?
1
What is the thousands digit of 2006305?
6
What is the ten thousands digit of 17079397?
7
What is the ten thousands digit of 14068317?
6
What is the units digit of 2459010?
0
What is the thousands digit of 16406772?
6
What is the thousands digit of 14729113?
9
What is the hundred thousands digit of 758052?
7
What is the hundred thousands digit of 459352?
4
What is the hundred thousands digit of 231906?
2
What is the units digit of 253839?
9
What is the hundred thousands digit of 6624026?
6
What is the hundreds digit of 1593244?
2
What is the ten thousands digit of 537129?
3
What is the ten millions digit of 16000799?
1
What is the ten millions digit of 17921248?
1
What is the hundred thousands digit of 292589?
2
What is the thousands digit of 2084191?
4
What is the thousands digit of 336847?
6
What is the thousands digit of 1240626?
0
What is the thousands digit of 10224319?
4
What is the thousands digit of 5981647?
1
What is the hundreds digit of 2675695?
6
What is the hundred thousands digit of 1790320?
7
What is the thousands digit of 2562656?
2
What is the hundred thousands digit of 1201609?
2
What is the hundred thousands digit of 6173195?
1
What is the hundred thousands digit of 292667?
2
What is the hundreds digit of 4954174?
1
What is the hundreds digit of 16633255?
2
What is the thousands digit of 722784?
2
What is the units digit of 1465127?
7
What is the tens digit of 3568738?
3
What is the tens digit of 257931?
3
What is the hundred thousands digit of 1405843?
4
What is the units digit of 206426?
6
What is the millions digit of 9523738?
9
What is the millions digit of 12132172?
2
What is the units digit of 1826199?
9
What is the tens digit of 218684?
8
What is the ten thousands digit of 511221?
1
What is the thousands digit of 2306472?
6
What is the ten thousands digit of 420495?
2
What is the tens digit of 954578?
7
What is the thousands digit of 3064632?
4
What is the thousands digit of 2399942?
9
What is the units digit of 3864138?
8
What is the hundreds digit of 116952?
9
What is the hundred thousands digit of 5424790?
4
What is the ten thousands digit of 509025?
0
What is the ten thousands digit of 8721841?
2
What is the millions digit of 2083837?
2
What is the hundreds digit of 60302?
3
What is the hundreds digit of 1963018?
0
What is the tens digit of 29237725?
2
What is the units digit of 2092508?
8
What is the hundreds digit of 899865?
8
What is the ten millions digit of 28274776?
2
What is the units digit of 554071?
1
What is the units digit of 32979?
9
What is the units digit of 2471721?
1
What is the tens digit of 16184046?
4
What is the hundred thousands digit of 215262?
2
What is the hundreds digit of 3875289?
2
What is the tens digit of 99527?
2
What is the millions digit of 6122542?
6
What is the units digit of 5912166?
6
What is the ten thousands digit of 3009032?
0
What is the hundreds digit of 1052870?
8
What is the tens digit of 3528619?
1
What is the hundred thousands digit of 344397?
3
What is the millions digit of 9001968?
9
What is the ten thousands digit of 6682287?
8
What is the thousands digit of 1439263?
9
What is the units digit of 3688823?
3
What is the units digit of 11638?
8
What is the hundred thousands digit of 1312772?
3
What is the units digit of 2372394?
4
What is the units digit of 1450516?
6
What is the ten thousands digit of 14001896?
0
What is the thousands digit of 405114?
5
What is the millions digit of 34588127?
4
What is the hundreds digit of 11332?
3
What is the thousands digit of 18368382?
8
What is the tens digit of 6298?
9
What is the thousands digit of 1746689?
6
What is the thousands digit of 525953?
5
What is the millions digit of 4858013?
4
What is the hundreds digit of 117155?
1
What is the thousands digit of 997187?
7
What is the tens digit of 113877?
7
What is the tens digit of 13392853?
5
What is the units digit of 4221?
1
What is the hundreds digit of 39296?
2
What is the tens digit of 657717?
1
What is the hundreds digit of 224980?
9
What is the tens digit of 613932?
3
What is the units digit of 236864?
4
What is the units digit of 195601?
1
What is the ten thousands digit of 673943?
7
What is the hundreds digit of 12912887?
8
What is the millions digit of 11338257?
1
What is the thousands digit of 334863?
4
What is the units digit of 112547?
7
What is the tens digit of 4142879?
7
What is the hundreds digit of 891382?
3
What is the millions digit of 1165481?
1
What is the thousands digit of 22416?
2
What is the tens digit of 6451061?
6
What is the millions digit of 5142175?
5
What is the thousands digit of 17729228?
9
What is the thousands digit of 145486?
5
What is the hundreds digit of 10503313?
3
What is the millions digit of 3230023?
3
What is the thousands digit of 159780?
9
What is the hundred thousands digit of 324577?
3
What is the millions digit of 3049617?
3
What is the ten thousands digit of 1538694?
3
What is the thousands digit of 761000?
1
What is the units digit of 49711?
1
What is the hundred thousands digit of 5583054?
5
What is the tens digit of 138356?
5
What is the ten millions digit of 15170229?
1
What is the u